25332
In base 11, what is 220 + 2aa431?
2aa651
In base 7, what is 5 + 223332040?
223332045
In base 8, what is -6517 + 4106?
-2411
In base 8, what is 151 - -4254?
4425
In base 8, what is 5 - -520020?
520025
In base 14, what is -7a4b98d - -1?
-7a4b98c
In base 13, what is 27 - -66746a?
667494
In base 11, what is -a523 + -2a74?
-12497
In base 12, what is -b094 - -325?
-a96b
In base 9, what is 1220 + 148887?
151217
In base 9, what is -1633702 + -625?
-1634427
In base 9, what is 730 + 26830?
27660
In base 5, what is -400211 - 4340?
-410101
In base 14, what is 3a - -32719b?
3271d7
In base 6, what is 3 - -1032521414?
1032521421
In base 6, what is 42522030 + 4?
42522034
In base 2, what is -1100100110101100001101000 + 10000?
-1100100110101100001011000
In base 3, what is -1112 + -1101012212122102?
-1101012212200221
In base 16, what is 4 + -1c133b?
-1c1337
In base 4, what is -210 - 131203333023?
-131203333233
In base 2, what is -11 - 1010000101010010010111000?
-1010000101010010010111011
In base 11, what is -7 - -75073a?
750733
In base 4, what is 1130121220 - -1011?
1130122231
In base 10, what is 4 + -15499044?
-15499040
In base 16, what is 7e - -10316d?
1031eb
In base 9, what is 3101250 + -11?
3101238
In base 9, what is -6057 + 56801?
50733
In base 15, what is 0 - -31de0e?
31de0e
In base 8, what is -55736724 - -22?
-55736702
In base 16, what is 4 - 55f950b?
-55f9507
In base 16, what is f1ce + 53?
f221
In base 10, what is -5 + -698114?
-698119
In base 12, what is 1bb82 - 12?
1bb70
In base 5, what is -1123302440000 + -3?
-1123302440003
In base 2, what is -110100011 + 10001111010011?
10001000110000
In base 5, what is 1103033330 - 3?
1103033322
In base 16, what is -ef0 + -1bd?
-10ad
In base 8, what is -441602 - 2607?
-444411
In base 14, what is -3 + 10246d5?
10246d2
In base 5, what is 1134 + 321314223?
321320412
In base 13, what is 2 + 945434?
945436
In base 6, what is -5522525531 + -5?
-5522525540
In base 3, what is 11010 + -1112222212?
-1112211202
In base 8, what is 1741 + -21601?
-17640
In base 4, what is -111021 + 113110132?
112333111
In base 3, what is -122000120012120211 + -1?
-122000120012120212
In base 13, what is -16c6713 + 3?
-16c6710
In base 13, what is 9 - 184821b?
-1848212
In base 9, what is 22016 + -5?
22011
In base 2, what is 101010010110111001 - -1010111101?
101010100001110110
In base 7, what is -13304606 + 24?
-13304552
In base 10, what is -26334900 + -5?
-26334905
In base 4, what is 12 - 1101123300?
-1101123222
In base 16, what is -e0e523 + -4?
-e0e527
In base 10, what is 8 + -4299421?
-4299413
In base 4, what is 2 + 1113220331103?
1113220331111
In base 6, what is 5 - 25530344542?
-25530344533
In base 7, what is -300 - -50514426?
50514126
In base 3, what is -11001221 + 10020121?
-211100
In base 6, what is 1242 + 200451?
202133
In base 11, what is 504182aa - -1?
50418300
In base 11, what is -127 - 5724a3?
-57261a
In base 16, what is -aeb0 - -6e9?
-a7c7
In base 15, what is 8 + 16193b?
161944
In base 11, what is -684 + -1691?
-2265
In base 2, what is -1010 - -100010011111011000011000100?
100010011111011000010111010
In base 5, what is -12220040 - 13?
-12220103
In base 4, what is 10330230221 + 211?
10330231032
In base 4, what is 0 - 1030311232?
-1030311232
In base 4, what is 21330130131 - 1000?
21330123131
In base 16, what is -9e8e - -5e7?
-98a7
In base 13, what is -1 - -18c649?
18c648
In base 10, what is 1001834 + 4?
1001838
In base 2, what is 100 + 101110111001111011010000101?
101110111001111011010001001
In base 13, what is -2 + 15b814?
15b812
In base 15, what is -29a549 - 4?
-29a54d
In base 8, what is -127 + 2372520?
2372371
In base 5, what is -424403043 - -22?
-424403021
In base 15, what is 50 - 305b19?
-305ab9
In base 2, what is -1001000001011011111001100111 - -11?
-1001000001011011111001100100
In base 7, what is -13 + 356325403?
356325360
In base 16, what is 1dd89 + fb?
1de84
In base 12, what is -ab + -233967?
-233a56
In base 14, what is -15646 - 7d?
-156c5
In base 3, what is 10 - -200201101221?
200201102001
In base 2, what is -1010100 + -1011101111110100100?
-1011101111111111000
In base 3, what is -11221012100200221 + 1?
-11221012100200220
In base 16, what is 0 + 20f5e66?
20f5e66
In base 9, what is -13343 + 2765?
-10467
In base 3, what is -120 + 11121210021221?
11121210021101
In base 6, what is 110421211 - 102?
110421105
In base 12, what is -1 + -766b917?
-766b918
In base 5, what is -1142 + 140022012?
140020320
In base 3, what is 111 + 2002012221120?
2002012222001
In base 9, what is -284 - -440110?
438715
In base 16, what is a80 + 31b9d?
3261d
In base 3, what is 21202221 + 2010211001?
2102120222
In base 2, what is -10101000100010001011101111101 + -11?
-10101000100010001011110000000
In base 2, what is 11101000000 - 1010001100001?
-110100100001
In base 11, what is 290219 + 8?
290226
In base 16, what is 3944f9 - 3?
3944f6
In base 8, what is 0 + 23514204?
23514204
In base 12, what is -5 - 2885a50?
-2885a55
In base 16, what is -1df39 + 40?
-1def9
In base 5, what is 243232010 - 44?
243231411
In base 10, what is 1670542 - 3?
1670539
In base 8, what is 3 - 20535134?
-20535131
In base 15, what is -5b - 43b?
-497
In base 11, what is -1803a61 + -15?
-1803a76
In base 8, what is 2677 + 350031?
352730
In base 15, what is -77077 - 2da?
-77362
In base 11, what is -11 - 1a3422?
-1a3433
In base 9, what is 1 + 15036221?
15036222
In base 2, what is -1001101110110 + -11011101?
-1010001010011
In base 6, what is 2504 + 21152515?
21155423
In base 4, what is 103 + 301033011?
301033120
In base 9, what is -131 - 18443?
-18574
In base 2, what is 10 - -1110100100011001110100?
1110100100011001110110
In base 4, what is 23132000301111 - 0?
23132000301111
In base 11, what is 2 - -409092?
409094
In base 8, what is -103530576 + 3?
-103530573
In base 4, what is -320220133012 + 31?
-320220132321
In base 14, what is 2 - -3683dd?
368401
In base 7, what is -2654461352 - 5?
-2654461360
In base 6, what is -511212550 + -1?
-511212551
In base 11, what is -2687 - -13580?
109a4
In base 2, what is 100110 + -10011000001110111100?
-10011000001110010110
In base 6, what is 214 - 40550322?
-40550104
In base 7, what is 1140055 + 300?
1140355
In base 11, what is 4 - -2913105?
2913109
In base 15, what is 15 - -ae993?
ae9a8
In base 4, what is -2121222220 + 1223?
-2121220331
In base 13, what is 6 - -5397a7?
5397b0
In base 12, what is 2a + 29b37b?
29b3a9
In base 10, what is -117732 + 2059?
-115673
In base 12, what is -4b29018 + 1?
-4b29017
In base 4, what is -2002332221021 + 2?
-2002332221013
In base 16, what is c8cb34 - -89?
c8cbbd
In base 16, what is 4680ce - 7?
4680c7
In base 4, what is 3101 + -3303201131?
-3303132030
In base 13, what is -190429 + 1?
-190428
In base 16, what is 19e + -8e8f4?
-8e756
In base 2, what is 1100110110001100 + -101000111000?
1100001101010100
In base 6, what is -230110353 + -5?
-230110402
In base 4, what is 1110 - 13131002?
-13123232
In base 3, what is 22012 + -120001102212?
-120001010200
In base 16, what is 90c + 18ed?
21f9
In base 4, what is 3 - 1312023312320?
-1312023312311
In base 9, what is -7 - -148771125?
148771117
In base 3, what is 100 - -11000110201101?
11000110201201
In base 12, what is 1b0572b + 2?
1b05731
In base 3, what is 11011 + -21202102200?
-21202021112
In base 10, what is -553188 + -307?
-553495
In base 10, what is 99925 - -107?
100032
In base 10, what is 11407 - -1075?
12482
In base 2, what is 1011110111010111 - 1101100010101?
1010001011000010
In base 11, what is -140a9 + -2538?
-16636
In base 4, what is 103121230 - 1113?
103120111
In base 12, what is -3735 + 190?
-3565
In base 8, what is -1023543 - 73?
-1023636
In base 3, what is -202001201012102 + -200?
-202001201020002
In base 8, what is -123412052 - 1?
-123412053
In base 3, what is -200122012101 - 21112?
-200122110220
In base 15, what is 42792b7 - -4?
42792bb
In base 11, what is -5 - -3345627?
3345622
In base 4, what is 11212122003312 + 2?
11212122003320
In base 9, what is 5 + -273150?
-273144
In base 2, what is -10000 - -11111011010010100000?
11111011010010010000
In base 3, what is -12 + 100220222201220?
100220222201201
In base 8, what is -15276 - 3624?
-21122
In base 12, what is -a5 + -46abb?
-46ba4
In base 12, what is -4 + -2b907a0?
-2b907a4
In base 15, what is -d00971 - 11?
-d00982
In b